{"id":1253,"date":"2023-12-29T16:10:12","date_gmt":"2023-12-29T22:10:12","guid":{"rendered":"https:\/\/frackjewelry.com\/?page_id=1253"},"modified":"2023-12-29T16:29:55","modified_gmt":"2023-12-29T22:29:55","slug":"politica-de-privacidad","status":"publish","type":"page","link":"https:\/\/frackjewelry.com\/index.php\/politica-de-privacidad\/","title":{"rendered":"Pol\u00edtica de Privacidad"},"content":{"rendered":"\n<p><strong>FRACK JEWELRY<\/strong>&nbsp;agradece su inter\u00e9s en nuestros productos y servicios y su visita a nuestro sitio web.<\/p>\n\n\n\n<p>Su privacidad es muy importante para nosotros, y queremos que se sienta seguro cuando visite nuestros sitios web y nos proporcione informaci\u00f3n. FRACK JEWELRY pone a su disposici\u00f3n la presente Pol\u00edtica de Privacidad, a fin de que conozca las pr\u00e1cticas de FRACK JEWELRY al obtener, usar, divulgar o almacenar, sus datos personales y otra informaci\u00f3n no personal.<\/p>\n\n\n\n<p><strong>Porque Proporcionas datos personales?<\/strong><\/p>\n\n\n\n<p>En principio usted puede navegar por nuestros sitios web sin proporcionar informaci\u00f3n de car\u00e1cter personal. Sin embargo,&nbsp;<strong>FRACK JEWELRY<\/strong>&nbsp;ha creado ciertos campos en los cuales usted puede proporcionar datos personales de manera voluntaria.&nbsp;<strong>FRACK JEWELRY<\/strong>&nbsp;tratar\u00e1 \u00fanicamente los datos personales que usted decida compartir a trav\u00e9s de los sitios web; ya sea cuando se registre en el sitio, cuando cree una cuenta, cuando decida contactarnos por correo electr\u00f3nico con preguntas o inquietudes, cuando se le brinden servicios de atenci\u00f3n al cliente, cuando solicite informaci\u00f3n en l\u00ednea, cuando participe en promociones, cuando presente informaci\u00f3n personal en alguna otra forma an\u00e1loga o similar a las anteriores, cuando decida realizar una compra los datos de env\u00edo y datos personales se utilizaran \u00fanicamente para el fin .<\/p>\n\n\n\n<p>Frack Jewelry tratar\u00e1 sus datos personales \u00fanicamente por el tiempo que sea necesario a fin de cumplir con las finalidades descritas en la presente y\/o de conformidad con lo que establezcan las disposiciones legales aplicables<\/p>\n\n\n\n<p>USOS DE LOS DATOS PERSONALES<\/p>\n\n\n\n<p>Frack Jewelry recaba, utiliza, almacena o transfiere sus datos personales, en la medida en que la ley lo permite, para llevar a cabo las finalidades propias de Frack Jewelry como investigaci\u00f3n de mercado o con otros prop\u00f3sitos relacionados con mercadeo y otros servicios, tales como actualizaciones y satisfacci\u00f3n al cliente; proporcionar los servicios o productos solicitados; cumplir con obligaciones legales; desarrollo de nuevos productos o servicios; conocer el mercado y el desempe\u00f1o de la empresa dentro del mismo; seguimiento a los procesos para los cuales proporcion\u00f3 sus datos; estudios para determinar la satisfacci\u00f3n del consumidor; creaci\u00f3n de directorios de consumidores; interrelaci\u00f3n de bases de datos para conocer el perfil y las necesidades del consumidor; env\u00edo de promociones sobre nuestros productos o servicios de acuerdo a lo que consideramos son los intereses del consumidor.<\/p>\n\n\n\n<p>Frack Jewelry no pedir\u00e1 datos extra a los necesarios, \u00fanicamente se comunicaran por medio del correo electr\u00f3nico oficial frackjewelry.com, no llamaremos, ni enviaremos mensajes a numero de tel\u00e9fono sin antes notificar por medio del correo electr\u00f3nico oficial.<\/p>\n\n\n\n<p>CONFIDENCIALIDAD<\/p>\n\n\n\n<p>\u200b<\/p>\n\n\n\n<p>Su informaci\u00f3n o datos personales no ser\u00e1n compartidos con terceros ajenos a Frack Jewelry a menos que ello sea requerido por ley o por resoluci\u00f3n de autoridad competente. Frack Jewelry no intercambia, vende, cede o transfiere datos personales a empresas ajenas sin su consentimiento expl\u00edcito previo.<\/p>\n\n\n\n<p>SEGURIDAD DE LOS DATOS PERSONALES<\/p>\n\n\n\n<p>Frack Jewelry ha adoptado las medidas de seguridad, administrativas, t\u00e9cnicas y f\u00edsicas, necesarias para proteger sus datos personales contra da\u00f1o, p\u00e9rdida, alteraci\u00f3n, distribuci\u00f3n, destrucci\u00f3n o el uso, acceso o tratamiento no autorizado. Sin embargo, ninguna transmisi\u00f3n de datos por Internet es completamente segura y por ende Frack Jewelry no puede garantizar que el tratamiento de sus datos personales estar\u00e1 libre de todo da\u00f1o, p\u00e9rdida, alteraci\u00f3n, destrucci\u00f3n o el uso, acceso o tratamiento no autorizado.<\/p>\n\n\n\n<p>El acceso a sus datos personales, en poder de Frack Jewelry, se limitar\u00e1 a las personas que dentro de la empresa necesiten tener acceso a dicha informaci\u00f3n, con el fin de llevar a cabo las finalidades descritas y propias de Frack Jewelry.<\/p>\n\n\n\n<p>ELIMINACI\u00d3N DE LOS DATOS PERSONALES<\/p>\n\n\n\n<p>\u200b<\/p>\n\n\n\n<p>De acuerdo a la Ley Federal de Protecci\u00f3n de Datos Personales en Posesi\u00f3n de los Particulares, aprobada el d\u00eda 13 de abril de 2010 en los art\u00edculos 3, Fracciones II y VII, y 33, as\u00ed como la<\/p>\n\n\n\n<p>denominaci\u00f3n del cap\u00edtulo II, del T\u00edtulo Segundo, de la Ley Federal de Transparencia y Acceso a la Informaci\u00f3n P\u00fablica Gubernamental y en el caso que desee eliminar sus datos personales de nuestra base de datos, puede enviar un correo electr\u00f3nico a o utilizar la opci\u00f3n de desinscribirse que se incluye en todos los boletines electr\u00f3nicos que se env\u00edan. Una vez recibida su solicitud, sus datos personales ser\u00e1n eliminados de nuestros registros en un lapso no mayor a 2 d\u00edas h\u00e1biles.<\/p>\n\n\n\n<p>OTRA INFORMACI\u00d3N<\/p>\n\n\n\n<p>\u200b<\/p>\n\n\n\n<p>Frack Jewelry recibe y almacena cierta informaci\u00f3n cuando usted interact\u00faa en sus sitios web. El prop\u00f3sito de recabar esta informaci\u00f3n es permitir que los sitios web operen correctamente, evaluar el uso del mismo y apoyar las campa\u00f1as promocionales que se realizan por este medio.<\/p>\n\n\n\n<p>Frack Jewelry puede recabar informaci\u00f3n t\u00e9cnica como su direcci\u00f3n de protocolo de internet, su sistema operativo y su tipo de navegador, la direcci\u00f3n de un sitio web de referencia, en su caso, y la ruta que usted siga durante su recorrido por nuestra p\u00e1gina web.<\/p>\n\n\n\n<p>Se utilizan \u201ccookies\u201d, los cuales son peque\u00f1os archivos de texto que un sitio web o un correo electr\u00f3nico puede salvar en su navegador y almacenarlo en su disco duro, dichas \u201ccookies\u201d se utilizan para brindarle una mejor experiencia cuando visite los sitios web de Frack Jewelry. Usted puede elegir navegar en nuestros sitios web sin aceptar las \u201ccookies\u201d, sin embargo, es posible que no pueda utilizar apropiadamente algunas caracter\u00edsticas y aplicaciones del sitio web.<\/p>\n\n\n\n<p>El texto, im\u00e1genes, gr\u00e1ficos, archivos de sonido, archivos de animaci\u00f3n, archivos de v\u00eddeo y su disposici\u00f3n en el sitio web, est\u00e1n sujetos a la protecci\u00f3n de derechos de autor y propiedad intelectual. El material que aparece en nuestros sitios puede ser descargado, cuando ello se haga con fines no comerciales, para uso personal y siempre que los correspondientes avisos de propiedad intelectual y derechos de autor no sean removidos. Los contenidos de nuestro sitio no pueden ser distribuidos, modificados, transmitidos, reutilizados, o reportados con fines comerciales sin el permiso expreso y por escrito de Frack Jewelry. Los sitios web de Frack Jewelry pueden contener im\u00e1genes que est\u00e1n sujetas a los derechos de autor de sus proveedores u otros licenciantes.<\/p>\n\n\n\n<p>CAMBIOS A LA POL\u00cdTICA DE PRIVACIDAD<\/p>\n\n\n\n<p>\u200b<\/p>\n\n\n\n<p>Nos reservamos el derecho de hacer cambios a la presente Pol\u00edtica de Privacidad por lo que le sugerimos que la revise constantemente a fin de conocer las \u00faltimas modificaciones. La Pol\u00edtica de Privacidad vigente ser\u00e1 publicada en este mismo medio. El uso que haga de nuestro sitio web se considerar\u00e1 como una aceptaci\u00f3n de la Pol\u00edtica de Privacidad y los t\u00e9rminos que en ella se establecen<\/p>\n\n\n\n<p>CONSENTIMIENTO<\/p>\n\n\n\n<p>Mediante el uso de uno de nuestros sitios web, usted reconoce que ha le\u00eddo y conoce la Pol\u00edtica de Privacidad y otorga su consentimiento para que sus datos personales sean tratados por Frack Jewelry de conformidad con la presente Pol\u00edtica de Privacidad.<\/p>\n\n\n\n<p>DUDAS O COMENTARIOS<\/p>\n\n\n\n<p>En caso de tener dudas o comentarios respecto de la Pol\u00edtica de Privacidad o si quisiera ejercitar cualquiera de los derechos que por la Ley Federal de Protecci\u00f3n de Datos Personales en Posesi\u00f3n de los Particulares le corresponden, le pedimos nos contacte por alguno de los medios descritos en la p\u00e1gina de contacto.<\/p>\n\n\n\n<p><\/p>\n\n\n\n<p>En FRACK JEWELRY contamos con excelente calidad en joyer\u00eda, por el cual queremos darte a conocer nuestra garant\u00eda en nuestros productos, en Frack Jewelry nos gusta ser lo m\u00e1s claros y transparentes con todas nuestros clientas y todos nuestros clientes para que sigan teniendo su linda joyer\u00eda.<\/p>\n\n\n\n<p><strong>Que es la garantia y como aplica?<\/strong><\/p>\n\n\n\n<p>Nuestra garant\u00eda en Frack Jewelry es el compromiso de empresa el cual te estamos ofreciendo los producto con la calidad que mereces, por ello te informamos como aplican las garant\u00edas de nuestros productos:<\/p>\n\n\n\n<p>1.- Debes informar dentro de los 7 d\u00edas de que recibiste tu mercanc\u00eda.<br>2.- Informa mediante correo electr\u00f3nico si el producto tiene alg\u00fan defecto o llego da\u00f1ado<br>      (contamos con prueba de calidad, ten por seguro que todas las piezas que entran a nuestra bodega se revisan una por una y revisamos que no tenga defectos de fabrica o alg\u00fan da\u00f1o).<br><\/p>\n\n\n\n<p><strong>Cuando no aplica la garant\u00eda?<\/strong><\/p>\n\n\n\n<p>La garant\u00eda de nuestra joyer\u00eda <strong>no<\/strong> <strong>aplica<\/strong> en casos como:<\/p>\n\n\n\n<p>1.- Cuando ya pasaron m\u00e1s de 7 d\u00edas despu\u00e9s de que fue entregado el paquete.<br>2.- Si no se manejo de manera adecuada el producto.<br>3.- En caso que se haya agregado alg\u00fan liquido no apto para la joyer\u00eda.<br>4.- En caso que el PH del cuerpo Modifique el color de la joyer\u00eda.<br>5.- Por alg\u00fan motivo que hubiese suciedad en la joyer\u00eda.<br>6.- Si el producto fue sumergido en agua caliente el cual afectara a la pedrer\u00eda, zirconia etc.<br>7.- En caso que al aplicar la joyer\u00eda utilicen pinzas con demasiada presi\u00f3n.<br>8.- deformaci\u00f3n de la joyer\u00eda incluyendo accesorios.<\/p>\n\n\n\n<p><strong>Qu\u00e9 pasa si tuvo defecto la pieza y lo validamos? <\/strong><\/p>\n\n\n\n<p>Solucionaremos tu caso lo antes posible.<\/p>\n\n\n\n<p>Mediante la conversaci\u00f3n te haremos saber como deseas proseguir con tu caso:<\/p>\n\n\n\n<p>podr\u00e1s elegir una de las siguientes opciones <\/p>\n\n\n\n<p>1.- Enviemos nuevamente el producto (con costo de env\u00edo a tu cuenta).<br>2.- Te bonifiquemos la cantidad en un cup\u00f3n para tu siguiente compra con vencimiento de 365 d\u00edas (tarda 1 d\u00eda).<br>3.- Realizar Devoluci\u00f3n en la forma original del cobro (tarda de 7-31 d\u00edas).<\/p>\n\n\n\n<p>Recuerda que estaremos siempre al pendiente de cualquier duda o comentario.<\/p>\n\n\n\n<p>Con gusto te atenderemos siempre con la mejor disposici\u00f3n y resolver tus dudas.<\/p>\n","protected":false},"excerpt":{"rendered":"<p>FRACK JEWELRY&nbsp;agradece su inter\u00e9s en nuestros productos y servicios y su visita a nuestro sitio web. Su privacidad es muy importante para nosotros, y queremos que se sienta seguro cuando visite nuestros sitios web y nos proporcione informaci\u00f3n. FRACK JEWELRY &hellip; <\/p>\n","protected":false},"author":1,"featured_media":0,"parent":0,"menu_order":0,"comment_status":"closed","ping_status":"closed","template":"","meta":{"_gspb_post_css":"","_uag_custom_page_level_css":"","footnotes":""},"class_list":["post-1253","page","type-page","status-publish","hentry"],"uagb_featured_image_src":{"full":false,"thumbnail":false,"medium":false,"medium_large":false,"large":false,"1536x1536":false,"2048x2048":false,"blossom-feminine-slider":false,"blossom-feminine-featured":false,"blossom-feminine-with-sidebar":false,"blossom-feminine-blog":false,"blossom-feminine-cat":false,"blossom-feminine-related":false,"woocommerce_thumbnail":false,"woocommerce_single":false,"woocommerce_gallery_thumbnail":false,"wcpr-photo-reviews":false,"variation_swatches_image_size":false,"variation_swatches_tooltip_size":false},"uagb_author_info":{"display_name":"frackjewelry.com","author_link":"https:\/\/frackjewelry.com\/index.php\/author\/frackjewelry-com\/"},"uagb_comment_info":0,"uagb_excerpt":"FRACK JEWELRY&nbsp;agradece su inter\u00e9s en nuestros productos y servicios y su visita a nuestro sitio web. Su privacidad es muy importante para nosotros, y queremos que se sienta seguro cuando visite nuestros sitios web y nos proporcione informaci\u00f3n. FRACK JEWELRY &hellip;","_links":{"self":[{"href":"https:\/\/frackjewelry.com\/index.php\/wp-json\/wp\/v2\/pages\/1253","targetHints":{"allow":["GET"]}}],"collection":[{"href":"https:\/\/frackjewelry.com\/index.php\/wp-json\/wp\/v2\/pages"}],"about":[{"href":"https:\/\/frackjewelry.com\/index.php\/wp-json\/wp\/v2\/types\/page"}],"author":[{"embeddable":true,"href":"https:\/\/frackjewelry.com\/index.php\/wp-json\/wp\/v2\/users\/1"}],"replies":[{"embeddable":true,"href":"https:\/\/frackjewelry.com\/index.php\/wp-json\/wp\/v2\/comments?post=1253"}],"version-history":[{"count":3,"href":"https:\/\/frackjewelry.com\/index.php\/wp-json\/wp\/v2\/pages\/1253\/revisions"}],"predecessor-version":[{"id":1259,"href":"https:\/\/frackjewelry.com\/index.php\/wp-json\/wp\/v2\/pages\/1253\/revisions\/1259"}],"wp:attachment":[{"href":"https:\/\/frackjewelry.com\/index.php\/wp-json\/wp\/v2\/media?parent=1253"}],"curies":[{"name":"wp","href":"https:\/\/api.w.org\/{rel}","templated":true}]}}