{"id":795,"date":"2023-12-11T19:46:04","date_gmt":"2023-12-12T01:46:04","guid":{"rendered":"https:\/\/frackjewelry.com\/?post_type=product&#038;p=795"},"modified":"2025-02-07T18:08:20","modified_gmt":"2025-02-08T00:08:20","slug":"luxury-titanio-8mm-16g","status":"publish","type":"product","link":"https:\/\/frackjewelry.com\/index.php\/producto\/luxury-titanio-8mm-16g\/","title":{"rendered":"Luxury Adiamantado Titanio"},"content":{"rendered":"<p style=\"font-weight: 400;\">El mejor metal para todas tus perforaciones, metal puro de titanio ASTM F-136, metal hipoalerg\u00e9nico, m\u00e1s ligero y excelente calidad en cada detalle de las piezas.<\/p>\n<p style=\"font-weight: 400;\">Metal biocompatible, m\u00e1s aceptado por nuestro organismo, ayuda a la cicatrizaci\u00f3n de tu perforaci\u00f3n, las piezas de titanio en color no cambian ya que el color es propio del metal.<\/p>\n<p style=\"font-weight: 400;\">Cuidado de joyer\u00eda: evitar contacto con cremas, perfumes, etc. Limpia con frecuencia para mantener el brillo, evita l\u00edquidos no aptos para la joyer\u00eda, s\u00e9calas perfectamente.<\/p>\n","protected":false},"excerpt":{"rendered":"<p>16g 1.2mm \/ 8 mm<\/p>\n","protected":false},"featured_media":796,"comment_status":"open","ping_status":"closed","template":"","meta":{"_gspb_post_css":"","_uag_custom_page_level_css":""},"product_brand":[],"product_cat":[37,36],"product_tag":[],"class_list":{"0":"post-795","1":"product","2":"type-product","3":"status-publish","4":"has-post-thumbnail","6":"product_cat-rectos-helix-lobulo","7":"product_cat-tototitanio","9":"first","10":"instock","11":"taxable","12":"shipping-taxable","13":"purchasable","14":"product-type-simple"},"uagb_featured_image_src":{"full":["https:\/\/frackjewelry.com\/wp-content\/uploads\/2023\/12\/IMG_7765.jpg",1284,1267,false],"thumbnail":["https:\/\/frackjewelry.com\/wp-content\/uploads\/2023\/12\/IMG_7765.jpg",150,148,false],"medium":["https:\/\/frackjewelry.com\/wp-content\/uploads\/2023\/12\/IMG_7765.jpg",300,296,false],"medium_large":["https:\/\/frackjewelry.com\/wp-content\/uploads\/2023\/12\/IMG_7765.jpg",768,758,false],"large":["https:\/\/frackjewelry.com\/wp-content\/uploads\/2023\/12\/IMG_7765.jpg",1020,1006,false],"1536x1536":["https:\/\/frackjewelry.com\/wp-content\/uploads\/2023\/12\/IMG_7765.jpg",1284,1267,false],"2048x2048":["https:\/\/frackjewelry.com\/wp-content\/uploads\/2023\/12\/IMG_7765.jpg",1284,1267,false],"blossom-feminine-slider":["https:\/\/frackjewelry.com\/wp-content\/uploads\/2023\/12\/IMG_7765.jpg",658,649,false],"blossom-feminine-featured":["https:\/\/frackjewelry.com\/wp-content\/uploads\/2023\/12\/IMG_7765.jpg",608,600,false],"blossom-feminine-with-sidebar":["https:\/\/frackjewelry.com\/wp-content\/uploads\/2023\/12\/IMG_7765.jpg",608,600,false],"blossom-feminine-blog":["https:\/\/frackjewelry.com\/wp-content\/uploads\/2023\/12\/IMG_7765.jpg",435,429,false],"blossom-feminine-cat":["https:\/\/frackjewelry.com\/wp-content\/uploads\/2023\/12\/IMG_7765.jpg",304,300,false],"blossom-feminine-related":["https:\/\/frackjewelry.com\/wp-content\/uploads\/2023\/12\/IMG_7765.jpg",203,200,false],"woocommerce_thumbnail":["https:\/\/frackjewelry.com\/wp-content\/uploads\/2023\/12\/IMG_7765-300x300.jpg",300,300,true],"woocommerce_single":["https:\/\/frackjewelry.com\/wp-content\/uploads\/2023\/12\/IMG_7765-700x691.jpg",700,691,true],"woocommerce_gallery_thumbnail":["https:\/\/frackjewelry.com\/wp-content\/uploads\/2023\/12\/IMG_7765-300x300.jpg",300,300,true],"wcpr-photo-reviews":["https:\/\/frackjewelry.com\/wp-content\/uploads\/2023\/12\/IMG_7765.jpg",500,493,false],"variation_swatches_image_size":["https:\/\/frackjewelry.com\/wp-content\/uploads\/2023\/12\/IMG_7765.jpg",50,50,false],"variation_swatches_tooltip_size":["https:\/\/frackjewelry.com\/wp-content\/uploads\/2023\/12\/IMG_7765.jpg",100,100,false]},"uagb_author_info":{"display_name":"frackjewelry.com","author_link":"https:\/\/frackjewelry.com\/index.php\/author\/"},"uagb_comment_info":0,"uagb_excerpt":"16g 1.2mm \/ 8 mm","_links":{"self":[{"href":"https:\/\/frackjewelry.com\/index.php\/wp-json\/wp\/v2\/product\/795","targetHints":{"allow":["GET"]}}],"collection":[{"href":"https:\/\/frackjewelry.com\/index.php\/wp-json\/wp\/v2\/product"}],"about":[{"href":"https:\/\/frackjewelry.com\/index.php\/wp-json\/wp\/v2\/types\/product"}],"replies":[{"embeddable":true,"href":"https:\/\/frackjewelry.com\/index.php\/wp-json\/wp\/v2\/comments?post=795"}],"wp:featuredmedia":[{"embeddable":true,"href":"https:\/\/frackjewelry.com\/index.php\/wp-json\/wp\/v2\/media\/796"}],"wp:attachment":[{"href":"https:\/\/frackjewelry.com\/index.php\/wp-json\/wp\/v2\/media?parent=795"}],"wp:term":[{"taxonomy":"product_brand","embeddable":true,"href":"https:\/\/frackjewelry.com\/index.php\/wp-json\/wp\/v2\/product_brand?post=795"},{"taxonomy":"product_cat","embeddable":true,"href":"https:\/\/frackjewelry.com\/index.php\/wp-json\/wp\/v2\/product_cat?post=795"},{"taxonomy":"product_tag","embeddable":true,"href":"https:\/\/frackjewelry.com\/index.php\/wp-json\/wp\/v2\/product_tag?post=795"}],"curies":[{"name":"wp","href":"https:\/\/api.w.org\/{rel}","templated":true}]}}