{"id":986,"date":"2023-12-21T18:00:12","date_gmt":"2023-12-22T00:00:12","guid":{"rendered":"https:\/\/frackjewelry.com\/?post_type=product&#038;p=986"},"modified":"2023-12-21T18:02:22","modified_gmt":"2023-12-22T00:02:22","slug":"trian-micro-top-titanio","status":"publish","type":"product","link":"https:\/\/frackjewelry.com\/index.php\/producto\/trian-micro-top-titanio\/","title":{"rendered":"Trian Micro top Titanio"},"content":{"rendered":"<p>&nbsp;<\/p>\n<div>\n<p>Esta pieza es exclusiva ya que es titanio de la mejor calidad<\/p>\n<\/div>\n<div>\n<p>El mejor metal para todas tus perforaciones, metal puro de titanio ASTM F-136, metal hipoalerg\u00e9nico, m\u00e1s ligero y excelente calidad en cada detalle de las piezas.<\/p>\n<\/div>\n<div>\n<p>Metal biocompatible, m\u00e1s aceptado por nuestro organismo, ayuda a la cicatrizaci\u00f3n de tu perforaci\u00f3n, las piezas de titanio en color no cambian ya que el color es propio del metal.<\/p>\n<\/div>\n<div>\n<p>Cuidado de joyer\u00eda: evitar contacto con cremas, perfumes, etc. Limpia con frecuencia para mantener el brillo, evita l\u00edquidos no aptos para la joyer\u00eda, s\u00e9calas perfectamente.<\/p>\n<\/div>\n<div>\n<p>Contamos con nuestro propio fabricante por el cual la calidad de nuestra joyer\u00eda es de alta y excelencia \u00a0calidad.<\/p>\n<\/div>\n","protected":false},"excerpt":{"rendered":"<p>14g<\/p>\n","protected":false},"featured_media":987,"comment_status":"open","ping_status":"closed","template":"","meta":{"_gspb_post_css":"","_uag_custom_page_level_css":""},"product_brand":[],"product_cat":[23,36],"product_tag":[],"class_list":{"0":"post-986","1":"product","2":"type-product","3":"status-publish","4":"has-post-thumbnail","6":"product_cat-microdermal","7":"product_cat-tototitanio","9":"first","10":"instock","11":"taxable","12":"shipping-taxable","13":"purchasable","14":"product-type-simple"},"uagb_featured_image_src":{"full":["https:\/\/frackjewelry.com\/wp-content\/uploads\/2023\/12\/IMG_7973.jpg",958,958,false],"thumbnail":["https:\/\/frackjewelry.com\/wp-content\/uploads\/2023\/12\/IMG_7973-150x150.jpg",150,150,true],"medium":["https:\/\/frackjewelry.com\/wp-content\/uploads\/2023\/12\/IMG_7973-300x300.jpg",300,300,true],"medium_large":["https:\/\/frackjewelry.com\/wp-content\/uploads\/2023\/12\/IMG_7973-768x768.jpg",768,768,true],"large":["https:\/\/frackjewelry.com\/wp-content\/uploads\/2023\/12\/IMG_7973.jpg",958,958,false],"1536x1536":["https:\/\/frackjewelry.com\/wp-content\/uploads\/2023\/12\/IMG_7973.jpg",958,958,false],"2048x2048":["https:\/\/frackjewelry.com\/wp-content\/uploads\/2023\/12\/IMG_7973.jpg",958,958,false],"blossom-feminine-slider":["https:\/\/frackjewelry.com\/wp-content\/uploads\/2023\/12\/IMG_7973.jpg",649,649,false],"blossom-feminine-featured":["https:\/\/frackjewelry.com\/wp-content\/uploads\/2023\/12\/IMG_7973.jpg",600,600,false],"blossom-feminine-with-sidebar":["https:\/\/frackjewelry.com\/wp-content\/uploads\/2023\/12\/IMG_7973.jpg",600,600,false],"blossom-feminine-blog":["https:\/\/frackjewelry.com\/wp-content\/uploads\/2023\/12\/IMG_7973.jpg",435,435,false],"blossom-feminine-cat":["https:\/\/frackjewelry.com\/wp-content\/uploads\/2023\/12\/IMG_7973.jpg",300,300,false],"blossom-feminine-related":["https:\/\/frackjewelry.com\/wp-content\/uploads\/2023\/12\/IMG_7973.jpg",200,200,false],"woocommerce_thumbnail":["https:\/\/frackjewelry.com\/wp-content\/uploads\/2023\/12\/IMG_7973-300x300.jpg",300,300,true],"woocommerce_single":["https:\/\/frackjewelry.com\/wp-content\/uploads\/2023\/12\/IMG_7973-700x700.jpg",700,700,true],"woocommerce_gallery_thumbnail":["https:\/\/frackjewelry.com\/wp-content\/uploads\/2023\/12\/IMG_7973-300x300.jpg",300,300,true],"wcpr-photo-reviews":["https:\/\/frackjewelry.com\/wp-content\/uploads\/2023\/12\/IMG_7973.jpg",500,500,false],"variation_swatches_image_size":["https:\/\/frackjewelry.com\/wp-content\/uploads\/2023\/12\/IMG_7973-50x50.jpg",50,50,true],"variation_swatches_tooltip_size":["https:\/\/frackjewelry.com\/wp-content\/uploads\/2023\/12\/IMG_7973-100x100.jpg",100,100,true]},"uagb_author_info":{"display_name":"frackjewelry.com","author_link":"https:\/\/frackjewelry.com\/index.php\/author\/"},"uagb_comment_info":0,"uagb_excerpt":"14g","_links":{"self":[{"href":"https:\/\/frackjewelry.com\/index.php\/wp-json\/wp\/v2\/product\/986","targetHints":{"allow":["GET"]}}],"collection":[{"href":"https:\/\/frackjewelry.com\/index.php\/wp-json\/wp\/v2\/product"}],"about":[{"href":"https:\/\/frackjewelry.com\/index.php\/wp-json\/wp\/v2\/types\/product"}],"replies":[{"embeddable":true,"href":"https:\/\/frackjewelry.com\/index.php\/wp-json\/wp\/v2\/comments?post=986"}],"wp:featuredmedia":[{"embeddable":true,"href":"https:\/\/frackjewelry.com\/index.php\/wp-json\/wp\/v2\/media\/987"}],"wp:attachment":[{"href":"https:\/\/frackjewelry.com\/index.php\/wp-json\/wp\/v2\/media?parent=986"}],"wp:term":[{"taxonomy":"product_brand","embeddable":true,"href":"https:\/\/frackjewelry.com\/index.php\/wp-json\/wp\/v2\/product_brand?post=986"},{"taxonomy":"product_cat","embeddable":true,"href":"https:\/\/frackjewelry.com\/index.php\/wp-json\/wp\/v2\/product_cat?post=986"},{"taxonomy":"product_tag","embeddable":true,"href":"https:\/\/frackjewelry.com\/index.php\/wp-json\/wp\/v2\/product_tag?post=986"}],"curies":[{"name":"wp","href":"https:\/\/api.w.org\/{rel}","templated":true}]}}